 when 656 is divided by 22?
18
Calculate the remainder when 1285 is divided by 99.
97
Calculate the remainder when 1295 is divided by 144.
143
Calculate the remainder when 238 is divided by 31.
21
What is the remainder when 301 is divided by 67?
33
What is the remainder when 539 is divided by 12?
11
Calculate the remainder when 51 is divided by 14.
9
What is the remainder when 1226 is divided by 154?
148
Calculate the remainder when 109 is divided by 22.
21
What is the remainder when 582 is divided by 45?
42
What is the remainder when 472 is divided by 96?
88
What is the remainder when 3876 is divided by 21?
12
What is the remainder when 1127 is divided by 87?
83
What is the remainder when 14 is divided by 8?
6
Calculate the remainder when 702 is divided by 3.
0
What is the remainder when 111 is divided by 31?
18
Calculate the remainder when 243 is divided by 36.
27
What is the remainder when 454 is divided by 66?
58
Calculate the remainder when 109 is divided by 39.
31
Calculate the remainder when 61 is divided by 7.
5
What is the remainder when 107 is divided by 84?
23
What is the remainder when 393 is divided by 36?
33
Calculate the remainder when 6969 is divided by 170.
169
Calculate the remainder when 3939 is divided by 63.
33
What is the remainder when 407 is divided by 132?
11
What is the remainder when 138 is divided by 29?
22
Calculate the remainder when 11741 is divided by 81.
77
Calculate the remainder when 748 is divided by 49.
13
What is the remainder when 16 is divided by 2?
0
What is the remainder when 73 is divided by 35?
3
What is the remainder when 1038 is divided by 40?
38
Calculate the remainder when 661 is divided by 51.
49
Calculate the remainder when 261 is divided by 66.
63
Calculate the remainder when 19731 is divided by 46.
43
Calculate the remainder when 1096 is divided by 221.
212
What is the remainder when 43 is divided by 10?
3
What is the remainder when 103 is divided by 39?
25
Calculate the remainder when 9382 is divided by 63.
58
Calculate the remainder when 885 is divided by 880.
5
Calculate the remainder when 310 is divided by 45.
40
What is the remainder when 6725 is divided by 38?
37
What is the remainder when 178 is divided by 65?
48
Calculate the remainder when 474 is divided by 62.
40
What is the remainder when 505 is divided by 23?
22
Calculate the remainder when 399 is divided by 100.
99
What is the remainder when 230 is divided by 21?
20
Calculate the remainder when 492 is divided by 15.
12
Calculate the remainder when 57 is divided by 19.
0
Calculate the remainder when 634 is divided by 92.
82
What is the remainder when 1350 is divided by 146?
36
What is the remainder when 613 is divided by 14?
11
Calculate the remainder when 822 is divided by 97.
46
What is the remainder when 289 is divided by 41?
2
What is the remainder when 16 is divided by 16?
0
Calculate the remainder when 147 is divided by 48.
3
Calculate the remainder when 249 is divided by 59.
13
Calculate the remainder when 78 is divided by 9.
6
Calculate the remainder when 337 is divided by 49.
43
Calculate the remainder when 2851 is divided by 204.
199
Calculate the remainder when 289 is divided by 36.
1
Calculate the remainder when 703 is divided by 574.
129
Calculate the remainder when 1544 is divided by 4.
0
What is the remainder when 224 is divided by 29?
21
Calculate the remainder when 258 is divided by 87.
84
What is the remainder when 152 is divided by 28?
12
What is the remainder when 717 is divided by 19?
14
What is the remainder when 1933 is divided by 74?
9
What is the remainder when 436 is divided by 105?
16
Calculate the remainder when 901 is divided by 449.
3
Calculate the remainder when 433 is divided by 17.
8
Calculate the remainder when 11091 is divided by 31.
24
What is the remainder when 109 is divided by 14?
11
What is the remainder when 399 is divided by 31?
27
Calculate the remainder when 155 is divided by 45.
20
What is the remainder when 12470 is divided by 27?
23
Calculate the remainder when 1690 is divided by 11.
7
Calculate the remainder when 226 is divided by 3.
1
What is the remainder when 36 is divided by 15?
6
Calculate the remainder when 374 is divided by 19.
13
What is the remainder when 54 is divided by 27?
0
Calculate the remainder when 9317 is divided by 40.
37
Calculate the remainder when 524 is divided by 15.
14
What is the remainder when 1298 is divided by 65?
63
What is the remainder when 614 is divided by 6?
2
What is the remainder when 1013 is divided by 256?
245
Calculate the remainder when 20 is divided by 7.
6
Calculate the remainder when 837 is divided by 207.
9
What is the remainder when 6615 is divided by 60?
15
Calculate the remainder when 127 is divided by 20.
7
Calculate the remainder when 16 is divided by 5.
1
What is the remainder when 70 is divided by 17?
2
What is the remainder when 9048 is divided by 3009?
21
Calculate the remainder when 213 is divided by 3.
0
Calculate the remainder when 424 is divided by 85.
84
Calculate the remainder when 205 is divided by 57.
34
Calculate the remainder when 3002 is divided by 13.
12
Calculate the remainder when 485 is divided by 238.
9
Calculate the remainder when 1822 is divided by 24.
22
Calculate the remainder when 285 is divided by 29.
24
Calculate the remainder when 26 is divided by 8.
2
What is the remainder when 13935 is divided by 16?
15
Calculate the remainder when 1110 is divided by 56.
46
What is the remainder when 465 is divided by 116?
1
What is the remainder when 364 is divided by 104?
52
What is the remainder when 243 is divided by 58?
11
Calculate the remainder when 945 is divided by 884.
61
Calculate the remainder when 861 is divided by 106.
13
What is the remainder when 2658 is divided by 64?
34
What is the remainder when 65 is divided by 29?
7
What is the remainder when 115 is divided by 82?
33
What is the remainder when 493 is divided by 28?
17
What is the remainder when 2526 is divided by 4?
2
Calculate the remainder when 162 is divided by 20.
2
Calculate the remainder when 155 is divided by 42.
29
What is the remainder when 502 is divided by 21?
19
Calculate the remainder when 90 is divided by 48.
42
What is the remainder when 116 is divided by 30?
26
What is the remainder when 65 is divided by 12?
5
What is the remainder when 881 is divided by 63?
62
Calculate the remainder when 54 is divided by 15.
9
Calculate the remainder when 117 is divided by 98.
19
What is the remainder when 648 is divided by 13?
11
Calculate the remainder when 1782 is divided by 300.
282
What is the remainder when 495 is divided by 8?
7
Calculate the remainder when 501 is divided by 28.
25
What is the remainder when 130 is divided by 41?
7
What is the remainder when 103 is divided by 71?
32
What is the remainder when 27 is divided by 3?
0
What is the remainder when 459 is divided by 33?
30
What is the remainder when 41 is divided by 11?
8
Calculate the remainder when 1306 is divided by 17.
14
Calculate the remainder when 240 is divided by 27.
24
Calculate the remainder when 546 is divided by 29.
24
What is the remainder when 1460 is divided by 728?
4
What is the remainder when 476 is divided by 460?
16
What is the remainder when 296 is divided by 30?
26
Calculate the remainder when 6 is divided by 1.
0
What is the remainder when 171 is divided by 58?
55
Calculate the remainder when 166 is divided by 48.
22
What is the remainder when 1042 is divided by 87?
85
Calculate the remainder when 1012 is divided by 113.
108
Calculate the remainder when 126 is divided by 16.
14
Calculate the remainder when 46 is divided by 23.
0
What is the remainder when 48 is divided by 26?
22
Calculate the remainder when 163 is divided by 4.
3
What is the remainder when 346 is divided by 87?
85
What is the remainder when 128 is divided by 10?
8
Calculate the remainder when 351 is divided by 32.
31
Calculate the remainder when 3818 is divided by 20.
18
What is the remainder when 716 is divided by 102?
2
What is the remainder when 658 is divided by 30?
28
What is the remainder when 36 is divided by 19?
17
Calculate the remainder when 131 is divided by 22.
21
Calculate the remainder when 1275 is divided by 80.
75
What is the remainder when 2215 is divided by 320?
295
What i